mainder when 71 is divided by 8.
7
What is the remainder when 713 is divided by 66?
53
What is the remainder when 102 is divided by 13?
11
Calculate the remainder when 13907 is divided by 38.
37
Calculate the remainder when 717 is divided by 24.
21
Calculate the remainder when 166 is divided by 50.
16
Calculate the remainder when 191 is divided by 2.
1
What is the remainder when 487 is divided by 61?
60
Calculate the remainder when 568 is divided by 425.
143
What is the remainder when 302 is divided by 10?
2
Calculate the remainder when 586 is divided by 12.
10
Calculate the remainder when 1186 is divided by 18.
16
What is the remainder when 569 is divided by 64?
57
What is the remainder when 300 is divided by 52?
40
What is the remainder when 3115 is divided by 23?
10
What is the remainder when 810 is divided by 28?
26
What is the remainder when 8082 is divided by 188?
186
What is the remainder when 743 is divided by 57?
2
Calculate the remainder when 205 is divided by 27.
16
What is the remainder when 78 is divided by 3?
0
What is the remainder when 212 is divided by 22?
14
What is the remainder when 1030 is divided by 47?
43
Calculate the remainder when 310 is divided by 80.
70
What is the remainder when 51 is divided by 40?
11
Calculate the remainder when 6909 is divided by 16.
13
What is the remainder when 5480 is divided by 1360?
40
What is the remainder when 229 is divided by 130?
99
Calculate the remainder when 718 is divided by 52.
42
Calculate the remainder when 434 is divided by 430.
4
Calculate the remainder when 2017 is divided by 502.
9
Calculate the remainder when 299 is divided by 77.
68
What is the remainder when 973 is divided by 15?
13
Calculate the remainder when 10 is divided by 9.
1
What is the remainder when 699 is divided by 696?
3
What is the remainder when 628 is divided by 18?
16
What is the remainder when 370 is divided by 18?
10
Calculate the remainder when 118 is divided by 26.
14
Calculate the remainder when 164 is divided by 41.
0
What is the remainder when 14999 is divided by 120?
119
What is the remainder when 2049 is divided by 683?
0
Calculate the remainder when 62 is divided by 16.
14
Calculate the remainder when 573 is divided by 60.
33
Calculate the remainder when 8599 is divided by 20.
19
Calculate the remainder when 34 is divided by 19.
15
Calculate the remainder when 8144 is divided by 181.
180
What is the remainder when 7876 is divided by 40?
36
Calculate the remainder when 635 is divided by 40.
35
Calculate the remainder when 283 is divided by 137.
9
Calculate the remainder when 31 is divided by 29.
2
Calculate the remainder when 463 is divided by 229.
5
Calculate the remainder when 37 is divided by 8.
5
What is the remainder when 628 is divided by 37?
36
What is the remainder when 1114 is divided by 140?
134
What is the remainder when 136 is divided by 61?
14
What is the remainder when 550 is divided by 146?
112
What is the remainder when 5381 is divided by 112?
5
Calculate the remainder when 601 is divided by 67.
65
Calculate the remainder when 68 is divided by 22.
2
What is the remainder when 13075 is divided by 10?
5
What is the remainder when 147 is divided by 70?
7
What is the remainder when 2107 is divided by 47?
39
Calculate the remainder when 582 is divided by 147.
141
What is the remainder when 754 is divided by 63?
61
Calculate the remainder when 86 is divided by 75.
11
What is the remainder when 390 is divided by 50?
40
What is the remainder when 263 is divided by 77?
32
What is the remainder when 642 is divided by 25?
17
What is the remainder when 252 is divided by 51?
48
What is the remainder when 2856 is divided by 157?
30
What is the remainder when 3022 is divided by 14?
12
What is the remainder when 128 is divided by 17?
9
What is the remainder when 151 is divided by 52?
47
Calculate the remainder when 863 is divided by 285.
8
Calculate the remainder when 123 is divided by 43.
37
What is the remainder when 1038 is divided by 192?
78
Calculate the remainder when 575 is divided by 46.
23
Calculate the remainder when 441 is divided by 3.
0
What is the remainder when 204 is divided by 23?
20
Calculate the remainder when 338 is divided by 102.
32
What is the remainder when 106 is divided by 97?
9
What is the remainder when 601 is divided by 6?
1
What is the remainder when 148 is divided by 30?
28
Calculate the remainder when 428 is divided by 36.
32
What is the remainder when 499 is divided by 83?
1
Calculate the remainder when 166 is divided by 113.
53
What is the remainder when 62 is divided by 37?
25
Calculate the remainder when 40 is divided by 27.
13
What is the remainder when 72 is divided by 15?
12
Calculate the remainder when 12668 is divided by 24.
20
What is the remainder when 197 is divided by 9?
8
Calculate the remainder when 576 is divided by 81.
9
What is the remainder when 814 is divided by 16?
14
Calculate the remainder when 150 is divided by 40.
30
What is the remainder when 54 is divided by 8?
6
What is the remainder when 79 is divided by 10?
9
What is the remainder when 116 is divided by 12?
8
What is the remainder when 2516 is divided by 13?
7
Calculate the remainder when 476 is divided by 48.
44
Calculate the remainder when 30 is divided by 10.
0
What is the remainder when 108 is divided by 66?
42
Calculate the remainder when 599 is divided by 50.
49
What is the remainder when 1097 is divided by 157?
155
What is the remainder when 1023 is divided by 19?
16
Calculate the remainder when 224 is divided by 29.
21
Calculate the remainder when 1449 is divided by 44.
41
What is the remainder when 1887 is divided by 42?
39
What is the remainder when 544 is divided by 55?
49
Calculate the remainder when 8561 is divided by 24.
17
What is the remainder when 6463 is divided by 101?
100
Calculate the remainder when 781 is divided by 27.
25
What is the remainder when 268 is divided by 132?
4
What is the remainder when 1648 is divided by 203?
24
Calculate the remainder when 38 is divided by 32.
6
What is the remainder when 589 is divided by 23?
14
Calculate the remainder when 153 is divided by 85.
68
What is the remainder when 180 is divided by 176?
4
Calculate the remainder when 772 is divided by 171.
88
Calculate the remainder when 308 is divided by 48.
20
Calculate the remainder when 304 is divided by 107.
90
Calculate the remainder when 48 is divided by 5.
3
Calculate the remainder when 2731 is divided by 1365.
1
Calculate the remainder when 3759 is divided by 80.
79
Calculate the remainder when 267 is divided by 68.
63
What is the remainder when 108 is divided by 59?
49
What is the remainder when 577 is divided by 65?
57
What is the remainder when 430 is divided by 56?
38
What is the remainder when 126 is divided by 40?
6
What is the remainder when 407 is divided by 72?
47
Calculate the remainder when 181 is divided by 47.
40
Calculate the remainder when 4829 is divided by 124.
117
What is the remainder when 1156 is divided by 83?
77
What is the remainder when 399 is divided by 199?
1
Calculate the remainder when 184 is divided by 21.
16
Calculate the remainder when 671 is divided by 114.
101
Calculate the remainder when 84 is divided by 22.
18
What is the remainder when 127 is divided by 34?
25
Calculate the remainder when 728 is divided by 92.
84
Calculate the remainder when 256 is divided by 24.
16
Calculate the remainder when 915 is divided by 314.
287
What is the remainder when 47 is divided by 17?
13
Calculate the remainder when 790 is divided by 8.
6
What is the remainder when 155 is divided by 41?
32
Calculate the remainder when 367 is divided by 24.
7
What is the remainder when 1488 is divided by 495?
3
What is the remainder when 3059 is divided by 21?
14
Calculate the remainder when 177 is divided by 27.
15
Calculate the remainder when 220 is divided by 32.
28
What is the remainder when 627 is divided by 63?
60
Calculate the remainder when 606 is divided by 19.
17
Calculate the remainder when 1500 is divided by 26.
18
Calculate the remainder when 1299 is divided by 36.
3
What is the remainder when 17530 is divided by 6?
4
What is the remainder when 65 is divided by 30?
5
What is the remainder when 1573 is divided by 99?
88
Calculate the remainder when 497 is divi